+ u**3/2 - u**2 - 2*u. Determine x(3).
-15
Let p(n) = -n - 3. Let o(h) = -h**3 - 9*h**2 + h + 4. Let i = -13 - -4. Let w be o(i). What is p(w)?
2
Suppose 2*t + 3*z = 16, 2*t - 4*z = -0*z - 12. Let f(a) = 13*a**3 - a**2 - 2*a - 2. Let j(l) = 4*l**3 - l - 1. Let p(u) = t*f(u) - 7*j(u). Calculate p(-2).
5
Let a be (2/(-3))/(4/(-84)). Let i = a - 25. Let b(x) = -7*x - 1. Let v(q) = 4*q. Let p(r) = i*v(r) - 6*b(r). What is p(4)?
-2
Suppose -55*p + 58*p = -9. Let r(d) = -2*d + 5. Let h(s) = 2*s + s + 5 - 6*s. Let v(t) = -3*h(t) + 4*r(t). Give v(p).
2
Let r be 52/(-8) + 154/(-44). Let b(j) = -j**2 - 15*j - 25. Calculate b(r).
25
Let j(f) = -f - 3. Let y = -19 + 22. Let d(p) = 2*p**2 + 9 + p**y + p**2 - p**2 - 2*p + 2*p**2. Let b be d(-5). Give j(b).
3
Let z = -3 + 32. Let p = 42 - z. Let g(a) = p*a - 4*a**3 + 4*a**2 - 3*a**2 - 14*a - 1. Calculate g(-1).
5
Let m(s) = s - 11. Let y(p) = -2*p + 24. Let o(u) = -5*m(u) - 2*y(u). Calculate o(5).
2
Let c(d) = -d + 31 + 4*d + 0*d - 5*d - 3*d. Calculate c(6).
1
Let b(g) = g**2 + 17*g - 5. Let i be 0 - 12 - (0 + (-5 - -10)). What is b(i)?
-5
Suppose 28*l + 272 = -6*l. Let t(j) = j**3 + 9*j**2 + 10*j - 7. Determine t(l).
-23
Let q(m) be the second derivative of 18*m + 0 + 1/4*m**4 - 3/2*m**2 + 1/2*m**3. Give q(-3).
15
Let i be (40/(-12) - -2)*(-12)/2. Let k(g) = -2*g**3 + 7*g**2 - 2*g - 4. Let w(d) = 5*d**3 - 20*d**2 + 6*d + 12. Let x(y) = i*k(y) + 3*w(y). Calculate x(-4).
-4
Let o(l) = -2*l - 28. Let g = 1856 + -1877. Calculate o(g).
14
Let f(t) = 2*t - 7. Let a be f(5). Suppose 0 = -3*m + 8 + 1, a*m = -2*j + 27. Let p(g) = g**2 + g - j + 11 + 5*g. Calculate p(-6).
2
Let l(h) be the third derivative of h**5/60 + 7*h**4/24 - 5*h**3/3 + 6*h**2 - 2*h. Let m = 10 - 18. Calculate l(m).
-2
Suppose -56*g = -52*g + 20. Let r(p) = -7*p - 33. Determine r(g).
2
Let m(t) be the first derivative of -t**3/3 + 3*t**2 + 5*t + 27. Calculate m(8).
-11
Let y(k) = 3*k - 4. Let l = -33 + 43. Let c be (12/l)/(12/30). Give y(c).
5
Let a(t) = -t**3 - 15*t**2 - 56*t + 5. Let d be a(-6). Let b(o) = -o**3 + 18*o**2 - 16*o. Determine b(d).
17
Let t(h) = -2*h + 10. Suppose 19*f - 17*f - 6 = 0. Suppose -z - 3 = -f*u, -z + 14 = z - u. What is t(z)?
-8
Let b(a) = -14*a - 5. Suppose f = 5*m + 16, -19*m + 15*m + 2*f - 14 = 0. Determine b(m).
37
Let j(u) = u + 13. Let c be j(-8). Let r(n) = n**3 - 5*n**2 + 1. Give r(c).
1
Let l(v) = v + 28 - 20 - 2*v. Calculate l(8).
0
Let d(z) be the first derivative of -z - 1/4*z**4 + 36 + 3/2*z**2 - 4/3*z**3. Calculate d(2).
-19
Let b(l) = 5*l**3 - 7*l**2 + 2*l - 10. Let z(v) = 12*v**3 - 14*v**2 + 4*v - 22. Let t(p) = -5*b(p) + 2*z(p). Give t(3).
36
Suppose 0 = 25*h + 126 + 24. Let i(n) = 6*n + 2 - n**2 - 6*n - 7 - 7*n. Determine i(h).
1
Let f = -24 + 55. Let a = f + -28. Suppose -4*n - 9 = 5*c, -n - a = 4*c - 2*n. Let v(k) = 3*k**3 - 1. What is v(c)?
-4
Let t(y) = -6*y**2 + 3*y. Let d = 386 - 384. Determine t(d).
-18
Let k(j) = j**3 - 36*j**2 + 71*j - 101. Let g be k(34). Let u(r) = -5*r - 1 + 0 - r. Determine u(g).
-7
Let c(p) be the first derivative of p - 12 - 4/3*p**3 + 1/2*p**2. Calculate c(2).
-13
Let f(o) = o**2 - 4*o + 8. Let g(s) = -s**2 + 3*s - 9. Let n(i) = 5*f(i) + 4*g(i). Let a be (2/4)/((-4)/(-24)). Let d = 2 + a. Determine n(d).
-11
Suppose -6 = 3*w - 3*s, 2*w - 4*s + 16 = 2. Let y(m) be the first derivative of -4*m**2 + 2*m - 1. Give y(w).
-22
Let s(r) = r**3 + 6*r**2 + 5*r - 3. Let o(g) = 3*g**3 + 7 - 5*g**2 - 4*g**3 + 0. Let k be o(-5). Let d = 2 - k. What is s(d)?
-3
Let t be 46*(4/8)/(-1). Let j = t + 21. Let y(a) = -3 + 4*a + 2 + 0*a + 3. Calculate y(j).
-6
Suppose -5*b + 3340 + 10420 = 0. Let i(s) = 1 - 2752*s + b*s - s**2. Determine i(5).
-24
Let k(o) be the second derivative of o**7/2520 - o**6/120 - o**5/12 + o**4/3 - 19*o. Let x(h) be the third derivative of k(h). What is x(7)?
-3
Let a(z) = -z - 1. Let d be a(-9). Let u(i) = d*i**2 - 24*i**2 + 15*i**2 + 3 + 3*i. Suppose x = j + 3*j - 15, 6 = 2*x + 4*j. What is u(x)?
-15
Suppose -4*r - r = 30. Let d(j) be the first derivative of j**4/4 + 5*j**3/3 - 4*j**2 - j + 225. What is d(r)?
11
Let v be 87/(-21) + 44/308. Let c(w) = 11*w + 3. Calculate c(v).
-41
Let h be 440/(-75) - (-4)/(-30). Let t = h - -10. Let b(d) = -d**2 + 3*d. Determine b(t).
-4
Let b(r) = 53 - r + 62 - 117. Let v = -65 + 63. Calculate b(v).
0
Let h(b) = -5*b - 21. Let m be h(7). Let r = m - -48. Let t(s) = -s**3 - 9*s**2 - 7*s - 3. Give t(r).
-11
Let o(p) = p**3 - 4*p**2 - 3. Let t(z) = 4*z - 5. Suppose -5*v - 2 = -112. Let f = v + -20. Let m be t(f). Give o(m).
-12
Suppose -13*s + 16 = -15*s. Let k(u) be the first derivative of u**4/4 + 7*u**3/3 - 4*u**2 + u - 6. Calculate k(s).
1
Let t(c) = c**2 + 8*c - 4. Let w be t(-9). Suppose w*x + m - 10 = 6*m, 4*m + 8 = -3*x. Let n(r) = r**3 - r**2 + r + 6. Give n(x).
6
Let b(i) be the first derivative of -19*i + 1/2*i**2 + 28. Calculate b(0).
-19
Let j(d) be the third derivative of 0 + 1/60*d**5 - 1/3*d**4 + 0*d + 3/2*d**3 - 8*d**2. Determine j(7).
2
Let d(m) be the third derivative of -m**8/6720 - m**7/504 - m**6/360 + m**5/20 - 5*m**4/12 - 7*m**2. Let g(p) be the second derivative of d(p). Determine g(-5).
16
Let t(w) = 4*w**2 + w + 1. Let h be t(1). Let q(s) = 6*s - 8. Determine q(h).
28
Let y be (6/18)/((-8)/144). Let j(w) = 3*w + 16. Determine j(y).
-2
Let v be (-6)/(-18) + 1/(-3). Suppose 7*u - 2*u - 5 = v. Let k(q) = -q + 2*q**2 + 2 - 1 - u. What is k(-2)?
10
Let f(u) = 7*u**2 - 4*u - 1. Let z(q) = 20*q**2 - 12*q - 3. Let k(m) = 17*f(m) - 6*z(m). Suppose -2 + 20 = 3*v. Let r = v - 1. Give k(r).
-4
Let j(i) be the first derivative of 1/2*i**2 - i + 6. Calculate j(1).
0
Let p(c) = c - 1. Let i be p(3). Let u(d) = -54*d - d**2 + 35*d + 3 + 15*d + d**3. Give u(i).
-1
Let y(k) = 2*k**3 - 8*k**2 - 10*k + 3. Let n be y(5). Let p(x) = 83*x - 43*x + n - 43*x. Give p(3).
-6
Let f(h) = -h**3 + 8*h**2 - 8*h. Let p(m) = 2*m**2 + 19*m + 37. Let a be p(-2). What is f(a)?
-7
Let j(g) = -20*g**3 + 4 + 114*g + 19*g**3 - 56*g - 55*g. Give j(-2).
6
Let k = -4 + 2. Let c(p) be the second derivative of p**4/12 - p**3/6 + 6*p. Give c(k).
6
Let s(f) = -3*f - 2*f + 1 - 3*f**2 + 4*f**2. Let a = -146 - -113. Let j = a - -38. Determine s(j).
1
Let j(t) = -8*t - 2. Suppose -18*q + 794 = 776. Determine j(q).
-10
Let a be (4 + -4)/(-1 + 0). Suppose -i - 2 = -a. Let o(w) = -w. Let g(k) = -k**2 + 2*k. Let u(x) = 2*g(x) + 4*o(x). What is u(i)?
-8
Suppose -40*n + 35*n - 4 = -3*l, -4*n - 14 = 3*l. Let m(a) = -8*a - 4. Give m(l).
12
Let t(r) = 101*r - 51*r + 2 - 49*r. Determine t(-10).
-8
Let y(t) = t**2 - t - 1. Let d(z) = z**3 + z**2 + 13*z + 10. Suppose 2*g = -a - 14, a + g = -a - 16. Let k(j) = a*y(j) - d(j). Calculate k(-6).
2
Let o(d) = d + 2. Suppose p = -5*w - 0*w + 10, 4*w - 37 = 5*p. Suppose 3*l + 14 = -5*v - 0*v, -4*v - 22 = -w*l. Give o(l).
4
Let z(x) be the third derivative of x**5/60 - x**4/24 - x**3/3 + 2*x**2 - 39*x. Calculate z(0).
-2
Let i(g) = -g**2 - g - 12. Let c(j) = j**3 + 6*j**2 + j + 6. Suppose 2*w + 4*q - 3 + 31 = 0, -2*w - 3*q = 24. Let t be c(w). Calculate i(t).
-12
Let u(b) = -b**2 - b + 5. Let c be 6/3*(-3 - -4) + -6. Let a be (c/(-5))/(1 - 18/15). Determine u(a).
-7
Let v be 2 + -2 + 0 - -4. Suppose -v*l - 8 = -2*x, l + 2 + 0 = -x. Let a(p) = 1 - 2*p - 6*p + p. Give a(l).
15
Let n(s) be the third derivative of s**5/60 - 5*s**4/24 - s**2. Let h(y) = 127*y + 3. Let i be h(0). Give n(i).
-6
Let i(f) = -f**2 + 4*f + 2. Let x = 16 + -14. Suppose x*a = 3*a. Suppose a*d + 20 = 4*d. What is i(d)?
-3
Let y be (2/3)/(2/15). Let r(o) = 0 - o - 1 + y*o. Let l = -9663 - -9661. Give r(l).
-9
Let r(i) = -18*i - 1. Let k(d) = 50*d + 3. Let s(p) = -4*k(p) - 11*r(p). Give s(5).
-11
Suppose 5*h - 22 - 138 = 0. Suppose h*c = 35*c - 12. Let s(v) = -v**3 + 3*v**2 + 2. Calculate s(c).
-14
Suppose 4*i - 5*i + 3 = 0. Let u(x) = 3*x - 7. Determine u(i).
2
Let a be ((36/(-3))/(-36))/(-1 + 3). Let f(l) be the second derivative of -l + a*l**3 - 1/2*l**2 + 0. Give f(4).
3
Let y(u) = -u**3 + u**3 - 3*u**3 - 4*u**3 - u**2 + 1. Let p be (-1)/3 + 4/(-6). Let b be p/2*(-3 + 5). Determine y(b).
7
Let p(j) = 14*j**2 + j. Suppose 36*v = 35*v - 52. Let a = 53 + v. Give p(a).
15
Let g(b) = -10*b**3 + b**2. Suppose -6*n + 10*n = -36. Let x = n + 11. Let m be (